-18 + 42.
-26
(11 - 1) + (-231 + 197 - (-32 - -2))
6
Evaluate 12 + (-19 - -56) + 21 + -2.
68
What is 3 + ((-10 - 1) + 2 - 1 - -7)?
0
What is 1169 + -1217 - (-1 - 90)?
43
Calculate 3 + (3 + 5 - 40 - 1) - (-28 - -21).
-23
What is 118 + (19 - 12 - (-38 - -43))?
120
What is -3 - -4 - (-471 + 420)?
52
What is -161 + 155 + (-29 - -131)?
96
What is -17 - (36 + -26 + 79 + 4 + -3)?
-107
Calculate (3 - -2) + -5 + 32 + (-2 - 12).
18
192 + -28 + -253 + 2 + -22
-109
What is the value of 46 + 3 - (818 - 788)?
19
What is -9 + 27 - (3 - (-8 + -2 + 3 + 2))?
10
What is the value of (34 - (-84 - -35 - -97)) + -28 + -1?
-43
What is the value of -49 + -1 - (7181 + -7243)?
12
(27 - 12) + -10 + -22 + 12 + 12
7
-1 + -38 - (-1426 - -1389) - (-1 + -17 - 1)
17
What is 1318 + (1213 - 2612) + (-1 + -13 - -1) + 0?
-94
Calculate -12 - -12 - (9 + -18 + 14 - (1 + -4)).
-8
What is the value of -27 - (-76 + 79 + -6 + (4 - 5))?
-23
What is the value of -21 + 21 + (-39 - (8 + -2 - 3))?
-42
Evaluate (65 + (1 - 63) - (-13 - (-1 + 0))) + 1.
16
What is (-39 - -16) + 53 + (-33 - 0)?
-3
161 + 30 + -59 - 62
70
What is (-19 + -21 - -27 - (1 + -12)) + 0 + 15?
13
Evaluate (-27 - (47 - 25)) + 43.
-6
Evaluate 0 + -5 - (53 + -34).
-24
Evaluate -102 - -88 - (80 + (-3 - -3) - 5).
-89
Evaluate 0 + -22 - (-5 - -1 - (-27 + -11 + 24)).
-32
Evaluate (73 - 10) + -41 + 6.
28
Calculate 7 + (2 + -42 - (-139 + 143)).
-37
Evaluate 30 + -106 + 189 + -88.
25
Calculate 34 - (8 - (30 - -25 - 22)).
59
What is 21 - -1 - (-497 - -503)?
16
What is the value of (2 + -9 - -3) + (7 - -1) - (-323 + 409)?
-82
What is (10 - (-19 - -44) - -7) + -45 + -8?
-61
What is the value of 10 + 51 + -91 + 104?
74
Calculate (7 - 6) + 0 + -5 + (-57 - (-52 + -36)).
27
What is the value of 0 + -15 + 8 + -14 + -273 + 276?
-18
Calculate (-2 - (-2 + -43)) + -4181 + 4166.
28
What is -181 - ((-150 - -111) + -50)?
-92
Evaluate (93 + -26 + -29 - 16) + -140.
-118
What is 29 + (-22 - (12 - 21)) - (-2 + -22)?
40
What is the value of -14 + -5 + 12 + 94 + 48 + -15?
120
Evaluate -37 + 42 + 134 - (9 - 11).
141
-58 + -16 + (-114 - -188)
0
What is the value of -2 - -10 - (-13 + -1 + 2 + -20)?
40
What is (-7 + 4 - -3 - -86) + 60 + (87 - 133)?
100
Evaluate 57 + -13 + -53 + 11.
2
What is the value of 7 - (-30 + 4 + 38 + -23)?
18
What is 101 + (9 - ((16 - (-12 + -3)) + (12 - 19)))?
86
Evaluate -17 + 15 + (5 - (6 - 10)) + 22.
29
Evaluate -97 + (6 - (-23 - 30 - -39)).
-77
What is the value of -80 + (-54 - (-82 - 33))?
-19
Calculate -11 + 14 + -7 + 1 - (95 + 17 + -110).
-5
What is (-4 - (-2 + (-11 + 8 + -7 - -4))) + 6?
10
-60 - (14 + -41 - -21)
-54
(-39 - (26 - 109)) + -87
-43
What is the value of (-10 + 13 - -89) + -74?
18
Evaluate 21 + -67 + 52 - 10.
-4
What is the value of -110 + 80 + (9 - (3 + -1)) + 2?
-21
Evaluate (121 - 45 - 49) + (0 - 1) + -6.
20
What is 93 + 8 - (792 - 611)?
-80
Evaluate -12 + -15 + 15 + 8 + (73 - 5).
64
-12 + (8 - (145 + -16)) - (14 + -11)
-136
What is (55 - 36) + -30 + 43 - -12?
44
Evaluate 99 - ((-1 - (0 - 0) - (423 - 418)) + -8).
113
What is (-13 + (-18 - -21) - (1 + 16)) + -2 + 2?
-27
Calculate 7 + (2 + -12 - (86 + (-121 - -20))).
12
Evaluate 15 - (31 - 30) - 87 - (-9 - (-4 + 0)).
-68
What is the value of (40 + -95 - -22) + (3 - 10) + 5?
-35
Calculate 97 - (-7 - (-24 - (9 - 12))).
83
(6 + -3 - -11) + (878 - 880) - (-17 + 5)
24
(12 - 0) + -13 + -14 - -148 - 0
133
-38 + -1 + (-6 - -3 - 1) + 13 + -3
-33
20 + (24 - (20 + 3 - 12)) - (-11 - 2)
46
19 + -19 + 7 + -18 - (31 + 0)
-42
What is the value of (15 - 26) + 7 + (-8 - 8)?
-20
Calculate 48 + 24 - 89 - (4 + -15).
-6
Evaluate -25 + 1 + (164 - 159 - (0 + -3) - 11).
-27
What is the value of 39 + (-71 - (-85 + 92))?
-39
What is -917 + 905 + (1 - (-2 - (102 - 0)))?
93
What is 9 - ((177 - 149) + (5 - -73))?
-97
What is the value of 24 + 48 + -143 + (1 - (-6 - 0))?
-64
Calculate (-49 - (1 + -1) - -4) + (-1 - (-4 + 5)).
-47
What is the value of -5 + (12 - 0) + (-7 - -6) - 4 - -42?
44
Evaluate 63 + 4 - (7 - (5 + -1) - -7).
57
What is the value of 2 - (7 + 16) - (30 + 34 + 7)?
-92
What is -6 - -3 - -9 - (87 - 84)?
3
What is (-35 - (-24 + 26)) + 2 + 102?
67
(2 - 29 - -12) + -6
-21
Calculate 175 - 140 - (2 + 29).
4
Calculate -86 - -181 - 66 - (-1 + 0).
30
What is the value of 27 - -8 - 43 - 19?
-27
Calculate (-25 - (-11 - -6) - 72) + (10 - -6 - 7).
-83
Calculate -31 + (0 - -23) + (-123 - -118).
-13
What is (-11 - (-17 - -27)) + 72 + -6 + (-3 - -21)?
63
Calculate (42 - (70 - 120)) + 17.
109
Calculate 5 - 4 - (5 - -1) - (-6 - (14 + -122)).
-107
Evaluate 35 - (-110 - -77 - -25).
43
What is the value of (35 - 10) + ((-160 - -11) + 14 - 5)?
-115
-77 - (12 - -8) - (9 + (-5 - -1 - -4))
-106
What is 1 + -22 + 27 + 31 + 6?
43
What is -8 - (27 + 0 + -9) - (4 - -13)?
-43
What is (-22 - 1) + (106 + -247 - -61)?
-103
Calculate -1 - (21 - (-20 + 14)) - -4.
-24
Calculate (13 - -44) + (-184 - -176).
49
What is the value of -8 + -2 + 0 + 1 + (-20 - -47 - 22)?
-4
43 + -12 - 37 - (0 + -77 - (-29 - -23))
65
What is -499 - -511 - ((-6 - -1) + 2 + -66)?
81
What is the value of 21 - 33 - (-35 + -1)?
24
What is the value of (-30 - -13) + -45 - -52?
-10
Calculate -16 + (5 + -15 - 14) + -3 + -4.
-47
23 + -32 + 11 - ((3 - (-6 - 3)) + -15)
5
What is the value of -10 + (-7 - -6 - 12 - -33 - -20)?
30
Evaluate 41 - (2 + (5 - 5)) - (3 - (7 - 13)).
30
4 + (27 - (11 + (4 - 3) + 2) - 99)
-82
-28 - (-45 - -6) - 0
11
Calculate 8 - (55 - 12) - (4 + -1 - -4).
-42
Evaluate (-3267 - -3225) + (1 - 14).
-55
Calculate 178 + -89 - -63 - 71.
81
What is the value of (-185 + 90 - -88) + 18 + -1?
10
14 + -6 - (33 + -30 + 59)
-54
-21 + (60 - 27) - -24
36
What is the value of -37 + 93 + 54 + -72?
38
What is 39 + -113 + 115 - -57?
98
Calculate 1 + 2 + (-35 - (-11 - 3 - (11 - 29))).
-36
Calculate -5 + -97 + -44 + 73.
-73
Calculate -11 - (-112 + 16) - 49.
36
Calculate -67 + (24 - 7) + -8 + (8 - 5) + 5.
-50
67 - (95 - (62 - 29))
5
Calculate -33 + -71 + (8 - (7 - 6)) - (-11 - 0).
-86
Calculate (1 - 19) + (47 - (286 + -240)).
-17
Calculate 29 + (-47 + 42 - ((-3 - 2) + -3)).
32
What is the value of (-4 - -26 - 12 - 2) + -2 + 32?
38
What is the value of (-14 - 0) + 0 + 22 + (128 + -62 - 79)?
-5
What is -10 - 35 - 17 - -7?
-55
What is -8 + 1 - (119 - 91 - 62)?
27
Evaluate 1 - -10 - ((4456 - 4499) + -5 + 0).
59
-45 - ((6 + 13 - 29) + 17)
-52
What is the value of 59 + -120 + (3 - -12)?
-46
Calculate 316 + -286 - (6 - -1).
23
What is -107 - ((34 - 35) + -66)?
-40
What is the value of (0 - (5 + ((9 - 3) + -6 - -5))) + -49?
-59
What is -277 + 215 + 77 + -3?
12
What is 69 + -116 + -67 + 63 + -1 + 6 + -2?
-48
What is 28 + (-106 - -37) + -22?
-63
2137 - 1996 - (-4 - -257)
-112
Calculate -21 - ((-2 - -38) + -40) - (-3 - -19).
-33
What is the value of (-70 - 9) + 307 + -213?
15
What is 25 + 33 + -12 + -4 + -17?
25
Calculate -21 - -76 - 65 - (24 + 2).
-36
Calculate (1 - -12 - 18) + (0 - (-15 - (-5 + 2))).
7
What is the value of -64 + (13 - (-28 - -45) - 17)?
-85
What is the value of 28 - (64 - (22 - 2))?
-16
What is (-44 - 6) + (-23 - (-50 + 44))?
-67
What is the value of (91 - -35) + -46 + (-12 - -32)?
100
What is (-12 - (-4 + -26)) + (8 + -10 - 2)?
14
Calculate -106 - (-58 + 41 + -23).
-66
Evaluate -1307 - -1255 - (2 - 13 - 3).
-38
Evaluate -13 + (33 - ((-9 - -2) + (-5 - -11))).
21
What is 7 + (72 + -57 - 21)?
1
Calculate (4 + 16 - 37) + (56 - 34).
5
What is -58 - (-16 - (-19 - -40 - (2 + 20)))?
-43
What is -88 + -155 + 214 - (-27 + -1)?
-1
Calculate -31 - -9 - (-6 + -50 + -3).
37
Calculate (-33 - -14 - 67) + -19.
-105
Calculate 1 + -9 + 5 + 3 + -3 + -8.
-11
What is the value of -80 + -4 + 110 + -80?
-54
Evaluate (201 - 224) + (-4 + 46 - -5).
24
Calculate (6 - (-3 - -3)) + -13 - (20 - 28).
1
Evaluate (-2 + -3 + 1 - (-49 - -57)) + 84 - 3.
69
Evaluate ((3 - -5) + -3 - 5) + -1 - 33.
-34
What is 12 + (-149 + (63 - 23) - (-5 - 2))?
-90
What is -8 - (-66 + (-173 - -172 - (1 - 0)))?
60
Calculate 15 - (18 - (-1 + 12 + 5)).
13
Calculate 5 + 1 + (-10 - 0) + (-10 - (-106 + 16)).
76
Evaluate -204 - -224 - (0 + 11 + (64 - 59)).
4
Evaluate -39 + 49 + -18 - -29.
21
Calculate (553 - 569) + (2 - 32) - 23.
-69
Evaluate -2 + (-60 - 2) - (-245 + (92 - -138)).
-49
What is -32 + -12 + 17 + 38 + -22?
-11
What is the value of -14 + (-27 - -34) + (2 - -16) + 2?
13
Evaluate (58 - 